 = 6*x. Let p(c) = -c**3 + 6*c**2 + 7. Let y(v) = v**2 + 5*v - 2. Calculate the remainder when p(x) is divided by y(-6).
3
Let o = -51 - -74. What is the remainder when 42 is divided by o?
19
Let g be (-1)/((15/18)/5). Let a = -3 - g. Suppose 0 = -a*j - j + 144. What is the remainder when j is divided by 19?
17
Calculate the remainder when (0 - 2/4)*-114 is divided by 29.
28
Suppose 2*z + 5*k + 1 = -0*z, -2*k + 38 = 4*z. Let q = 64 - 18. Calculate the remainder when q is divided by z.
10
Let a = 3 - -1. Suppose -a*k + k - 18 = 0. Let r = k + 13. Calculate the remainder when 20 is divided by r.
6
Let x(u) = -u + 7. Let w be x(5). Suppose 5*m + 2*s = 16 + 3, -s = w*m - 8. Suppose -3*j + 25 - 7 = 0. Calculate the remainder when j is divided by m.
0
Let b be 6 - 1*(3 + -1). Suppose 57 = 5*s - 2*t + 3*t, 2*s - 12 = -b*t. Calculate the remainder when 35 is divided by s.
11
Suppose -3*m + 15 = -c, -2*m - 3*m + 4*c = -32. Let t = 9 - m. What is the remainder when 12 is divided by t?
2
Suppose -2*l + 63 = -127. What is the remainder when l is divided by 24?
23
Let p = 7 - 2. Let c = 22 + -8. Calculate the remainder when c is divided by p.
4
What is the remainder when 30 is divided by (-32)/6*3/(-2)?
6
Let j = 65 + -64. What is the remainder when 3*(24/9)/4 is divided by j?
0
Suppose 3 = -f + 4. What is the remainder when 38 is divided by (f/2)/(8/320)?
18
Let t(z) = -z + 6. Let n be t(6). Suppose -5*y + 4*s + 109 + 152 = n, 2*y + 4*s = 110. Calculate the remainder when y is divided by 14.
11
Suppose 29 = 5*t + 9. Let h(s) = 2*s - 2. What is the remainder when h(6) is divided by t?
2
What is the remainder when (-11)/(4 + (-17)/4) is divided by 15?
14
Let m(n) = -n**3 + 5*n**2 + 2*n. Let z(j) = j**3 + 9*j**2 - 11*j - 5. Let k be z(-10). Let v = -10 + 16. What is the remainder when m(k) is divided by v?
4
Let i(o) = o - 12. Let z be i(11). Let s = -1 + z. What is the remainder when (-4 - -6) + 10 + s is divided by 6?
4
Let d = -4 + 7. What is the remainder when 9 is divided by d?
0
Let o(c) = -12*c. Let a be o(2). Calculate the remainder when (-5 - -4)*(a - -1) is divided by 8.
7
Suppose 2*t + 15*t - 714 = 0. Calculate the remainder when 81 is divided by t.
39
Suppose -3 = -2*q + 3. Calculate the remainder when 18 is divided by q.
0
Suppose -3*c + 99 = 18. What is the remainder when 80 is divided by c?
26
Let o(a) = 6*a - 3. Calculate the remainder when 42 is divided by o(2).
6
Suppose o - 2*z - 30 = 0, 0 = 4*z - 4. Calculate the remainder when o is divided by 11.
10
Suppose 0 = g - 2 - 0. Suppose 17 - 49 = -g*h. What is the remainder when h is divided by 9?
7
Let l = 147 + -79. Calculate the remainder when l is divided by 23.
22
Let a(v) = 2*v**2 + 3*v + 7. What is the remainder when a(-5) is divided by 11?
9
Suppose 6*x = 8*x - 22. What is the remainder when (-5)/(-10)*(-1 + x) is divided by 2?
1
What is the remainder when (8/10)/(-5 - (-357)/70) is divided by 7?
1
Let k(i) = 6*i**2 - 3 - 7*i - 4 + 4 - i**3 + 3*i. Calculate the remainder when 4 is divided by k(5).
0
Let o = -176 - -194. What is the remainder when 32 is divided by o?
14
Calculate the remainder when 28 is divided by ((-2)/(-3))/((-13)/(-117)).
4
Let o = -116 + 213. What is the remainder when o is divided by 26?
19
Suppose -3*h - 37 = -5*x, -2 = -2*h - 3*x + x. Let n(u) = -5*u. Calculate the remainder when 58 is divided by n(h).
18
Let a(k) = 2*k**2 + 4*k - 3. Let n = 50 + -27. What is the remainder when n is divided by a(2)?
10
Suppose -z - 5*s + 71 = 15, -4*z + 188 = 2*s. Suppose 0*j = 5*j + 5*m - 45, -2*j + 5*m + z = 0. Calculate the remainder when 36 is divided by j.
10
Suppose -2*a = 3*d + 8, 0 = d - 6*d - 20. Let u(f) = -f**3 + 6*f**2 + 18*f - 15. Calculate the remainder when a is divided by u(8).
0
Suppose -2*l - 6 = 0, 2*k + 5*l = 3*k - 19. Let r(z) = -z**2 + 7*z. Calculate the remainder when r(6) is divided by k.
2
Suppose -223 = -5*h - 18. What is the remainder when h is divided by 14?
13
Let h = -25 + 106. Calculate the remainder when h is divided by 30.
21
Suppose -101 + 113 = 3*t. What is the remainder when 11 is divided by t?
3
Let g(x) = x**2 + x - 3. Let m be g(-3). Suppose m*j + 42 = 2*i + i, -48 = -3*i + 5*j. Let c = -337 + 380. What is the remainder when c is divided by i?
10
Suppose -2*o + 5*l + 35 - 7 = 0, -24 = -2*o + 4*l. Suppose 0*s = 3*s. Suppose -2*c + 1 = -k, s*c - 12 = -3*c. Calculate the remainder when k is divided by o.
3
Let a(m) = 4*m. Let s be a(6). Suppose 3*q = 3*k + 2*q - 19, 2*k - s = -5*q. Let f = 20 + 0. What is the remainder when f is divided by k?
6
Suppose -2 = 3*q - 5. Calculate the remainder when 27 is divided by q/(((-27)/(-30))/9).
7
Suppose 11 = q - 3*u, 6*u + 2 = -5*q + 2*u. Suppose -q*j = 2*j - 12. Calculate the remainder when 8 is divided by j.
2
Suppose 0 = 5*v - 4*y + 2, 2*v = 4*y - 2*y - 2. Suppose -2*k = -8 + 2. Suppose -k*z = v*z - 60. Calculate the remainder when 23 is divided by z.
11
Suppose -5*f + 2*w + 5 = w, 3*f = 2*w - 4. Let d = 0 - -7. Calculate the remainder when d is divided by f.
1
Let y(g) = -g**3 + 8*g**2 - 2*g - 2. Let m(q) = -q**3 - q. Let c(k) = 2*m(k) - y(k). What is the remainder when 4 is divided by c(-8)?
0
Let n = 7 + -4. Let j = -3 + 6. Suppose -n*m + 4*w + 59 = 0, 0*m + j*w = -3*m + 24. What is the remainder when 24 is divided by m?
11
Let f = -42 - -111. Calculate the remainder when f/6 + 5/10 is divided by 7.
5
Suppose 24*z = 21*z + 66. What is the remainder when 109 is divided by z?
21
Suppose 0 - 2 = -j. Suppose 2*g + 6 + j = 0. Let t = -1 - g. What is the remainder when 8 is divided by t?
2
Suppose 0*p + 36 = 2*p. Calculate the remainder when 69 is divided by p.
15
Let u(l) = l + 12. Let t be u(0). Calculate the remainder when 29 is divided by (t + -2)/((-2)/(-2)).
9
Suppose 12*a - 180 = 6*a. Calculate the remainder when a is divided by 3.
0
Let i = 88 + -79. Calculate the remainder when 41 is divided by i.
5
Let t be (-2)/3 - (-14)/21. Suppose t*i = 7*i - 70. What is the remainder when 29 is divided by i?
9
Suppose 2*v - 16 - 86 = -4*k, -k - 3*v = -18. What is the remainder when 79 is divided by k?
25
Let a(y) = y**3 - 9*y**2 + 8*y + 11. Calculate the remainder when 21 is divided by a(8).
10
Let c(s) = -2*s. Let w = -7 + 1. What is the remainder when c(w) is divided by 5?
2
Let f(b) = -22*b + 1. Let x(a) = 22*a - 1. Let o(k) = -4*f(k) - 5*x(k). Calculate the remainder when o(-1) is divided by 8.
7
Let l = -34 + 76. What is the remainder when l is divided by 12?
6
Let a(w) = w**3 - 6*w**3 - 4*w**2 + 3*w**3 - 4*w + 1. What is the remainder when a(-3) is divided by 11?
9
Suppose -v - x = 3*x - 34, -v = -5*x - 61. Suppose -65 = -4*n + l, -2*n + 4*l + 35 = -1. What is the remainder when v is divided by n?
14
Calculate the remainder when (1896/(-18))/(5/(15/(-2))) is divided by 23.
20
Let y(x) = -x**3 + 4*x**2 + x. Calculate the remainder when y(4) is divided by 34/10 - 10/25.
1
Let d = 76 - 50. Suppose p - 5*p - 46 = -5*w, 4*p + d = 3*w. What is the remainder when 19 is divided by w?
9
Suppose 2431 = 7*z + 6*z. Calculate the remainder when z is divided by 63.
61
Calculate the remainder when 12/(4 + -3)*(3 - -3) is divided by 37.
35
Suppose -3*q - 2*q = -220. Let i = q + -31. Let l(n) = -n**3 - 4*n**2 + 4*n. What is the remainder when i is divided by l(-5)?
3
Suppose -2 = -d - 1. Let p(j) = 18*j**3 - 2*j**2 + j. Let w = -22 + 55. Calculate the remainder when w is divided by p(d).
16
Let y = 81 + -67. What is the remainder when y is divided by 9?
5
Suppose -4*j + 11*j = 42. Calculate the remainder when 11 is divided by j.
5
Suppose -2*u = -1 - 7. Let m = 11 - u. What is the remainder when 19 is divided by m?
5
Let l(w) = -4 - 2*w**3 - w**2 - w + w**3 + 4*w + 0*w**3. Let q(v) = -v**3 + 6*v**2 + 6*v + 9. What is the remainder when l(-3) is divided by q(7)?
1
Suppose -5*y = -91 - 34. Let b be ((-2)/(-4))/(-1)*-14. Calculate the remainder when y is divided by 4/14 + 61/b.
7
Let y = -111 + 152. Let q = 1 + 10. What is the remainder when y is divided by q?
8
Let r be -1 - (-2 + -1) - 2. Suppose -4*u + y = -3*u - 12, r = -2*u - 5*y - 11. What is the remainder when 19 is divided by u?
5
Suppose -44 = -3*x - 2*d, -3*x + 8 + 12 = -4*d. Suppose 0 = -5*z + 15, -3*y = y + 2*z + 54. Let p = y - -48. Calculate the remainde